{"id":94,"date":"2023-07-05T18:56:34","date_gmt":"2023-07-05T15:56:34","guid":{"rendered":"https:\/\/elfuratas.lt\/?post_type=product&#038;p=94"},"modified":"2023-08-11T19:43:47","modified_gmt":"2023-08-11T16:43:47","slug":"mediniu-kaladeliu-miestas","status":"publish","type":"product","link":"https:\/\/elfuratas.lt\/index.php\/product\/mediniu-kaladeliu-miestas\/","title":{"rendered":"Medini\u0173 kalad\u0117li\u0173 miestas"},"content":{"rendered":"<p>K\u016brybingi vaikai &#8211; laimingi vaikai. Skatinti k\u016brybi\u0161kum\u0105 galima \u012fvairiais b\u016bdais, o ir atrasti, kas vaikui patinka \u0161iandien tikrai nesunku. Jei namuose auga b\u016bsimas vyriausiasis miesto architektas &#8211; \u0161is komplektas idealiai Jums tiks. O pasta\u010dius miest\u0105 greit paai\u0161k\u0117s, kas \u0161eimoje bankininkas, o kas mokytojas, kam da\u017eniau tenka lankytis policijoje, o kam muziejuje.<\/p>\n<p>\u017daidimas leis ne tik lavinti rank\u0173 \u012fg\u016bd\u017eius, tikslumo, ugdyti kantryb\u0119, bet taip ir pa\u017einti miesto veikl\u0105, kasdien vaik\u0105 supant\u012f pasaul\u012f. Su daugybe medini\u0173 blokeli\u0173 \/ kalad\u0117li\u0173 tikrai pavyks sukurti svajoni\u0173 miest\u0105.<\/p>\n<p>Komplekte yra:<\/p>\n<ul>\n<li>115 kalad\u0117li\u0173;<\/li>\n<li>20 vnt. gatv\u0117s d\u0117lion\u0117s detali\u0173;<\/li>\n<li>7 automobiliai<\/li>\n<li>6 med\u017eiai<\/li>\n<li>2 \u017eibintai<\/li>\n<li>2 \u017eenklai<\/li>\n<\/ul>\n<p>Galima pastatyti skirtingus pastatus:<\/p>\n<ul>\n<li>Bank\u0105;<\/li>\n<li>Mokykl\u0105;<\/li>\n<li>Knygyn\u0105;<\/li>\n<li>Policij\u0105;<\/li>\n<li>Ligonin\u0119;<\/li>\n<li>Gaisrin\u0119;<\/li>\n<li>Prekybos centr\u0105;<\/li>\n<li>Muziej\u0173;<\/li>\n<li>Kavin\u0119<\/li>\n<\/ul>\n<p>Tarp kalad\u0117li\u0173 vaikas ras ir kelet\u0105 automobiliuk\u0173: ugniagesi\u0173, policijos, greit\u0105j\u0105 med. pagalb\u0105, taksi, mokyklin\u012f autobus\u0105, paprast\u0105 automobil\u012f ir net mal\u016bnsparn\u012f.<\/p>\n","protected":false},"excerpt":{"rendered":"<p>Namuose auga architektas? Turime puik\u0173 pasi\u016blym\u0105 Jums!<\/p>\n","protected":false},"featured_media":106,"template":"","meta":[],"product_brand":[],"product_cat":[24,25],"product_tag":[30],"class_list":{"0":"post-94","1":"product","2":"type-product","3":"status-publish","4":"has-post-thumbnail","6":"product_cat-deliones","7":"product_cat-mediniai-zaislai","8":"product_tag-miestas","10":"first","11":"outofstock","12":"taxable","13":"shipping-taxable","14":"purchasable","15":"product-type-simple"},"_links":{"self":[{"href":"https:\/\/elfuratas.lt\/index.php\/wp-json\/wp\/v2\/product\/94","targetHints":{"allow":["GET"]}}],"collection":[{"href":"https:\/\/elfuratas.lt\/index.php\/wp-json\/wp\/v2\/product"}],"about":[{"href":"https:\/\/elfuratas.lt\/index.php\/wp-json\/wp\/v2\/types\/product"}],"wp:featuredmedia":[{"embeddable":true,"href":"https:\/\/elfuratas.lt\/index.php\/wp-json\/wp\/v2\/media\/106"}],"wp:attachment":[{"href":"https:\/\/elfuratas.lt\/index.php\/wp-json\/wp\/v2\/media?parent=94"}],"wp:term":[{"taxonomy":"product_brand","embeddable":true,"href":"https:\/\/elfuratas.lt\/index.php\/wp-json\/wp\/v2\/product_brand?post=94"},{"taxonomy":"product_cat","embeddable":true,"href":"https:\/\/elfuratas.lt\/index.php\/wp-json\/wp\/v2\/product_cat?post=94"},{"taxonomy":"product_tag","embeddable":true,"href":"https:\/\/elfuratas.lt\/index.php\/wp-json\/wp\/v2\/product_tag?post=94"}],"curies":[{"name":"wp","href":"https:\/\/api.w.org\/{rel}","templated":true}]}}