{"id":928,"date":"2023-11-03T18:01:56","date_gmt":"2023-11-03T15:01:56","guid":{"rendered":"https:\/\/elfuratas.lt\/?post_type=product&#038;p=928"},"modified":"2025-01-27T18:44:46","modified_gmt":"2025-01-27T15:44:46","slug":"stalo-zaidimas-misz-masz-rask-pora","status":"publish","type":"product","link":"https:\/\/elfuratas.lt\/index.php\/product\/stalo-zaidimas-misz-masz-rask-pora\/","title":{"rendered":"Stalo \u017eaidimas \u201eMisz Masz\u201c (Rask por\u0105)"},"content":{"rendered":"<p>Tai greitas ir paprastas kort\u0173 \u017eaidimas, kuriame laimi tas, kuris grei\u010diausiai randa poras.<\/p>\n<p>Pakuot\u0117je yra 31 kortel\u0117, kuri\u0173 kiekviena turi po 6 pie\u0161in\u0117lius. \u017daidimo tikslas, kuo grei\u010diau rasti bendr\u0105 paveiksl\u0117l\u012f &#8211; por\u0105. Galima \u017eaisti \u012fvairias versijas, laimi tas, kuris surenka daugiausiai kort\u0173 arba prie\u0161ingai, kuris pirmas atsikrato vis\u0173.<\/p>\n<p>Tai nuotaikingas \u0161eimos \u017eaidimas, tinkamas tiek namuose, tiek kelion\u0117se.<\/p>\n","protected":false},"excerpt":{"rendered":"<p>Tai greitas ir paprastas kort\u0173 \u017eaidimas, kuriame laimi tas, kuris grei\u010diausiai randa poras. Pakuot\u0117je yra 31 kortel\u0117, kuri\u0173 kiekviena turi po 6 pie\u0161in\u0117lius. \u017daidimo tikslas, kuo grei\u010diau rasti bendr\u0105 paveiksl\u0117l\u012f &#8211; por\u0105. Galima \u017eaisti \u012fvairias versijas, laimi tas, kuris surenka daugiausiai kort\u0173 arba prie\u0161ingai, kuris pirmas atsikrato vis\u0173. Tai nuotaikingas \u0161eimos \u017eaidimas, tinkamas tiek namuose,<\/p>\n<div class=\"more-link\">\n\t\t\t\t <a href=\"https:\/\/elfuratas.lt\/index.php\/product\/stalo-zaidimas-misz-masz-rask-pora\/\" class=\"link-btn\"><span>Skaityti toliau <\/span> <i class=\"icofont-thin-double-right\"><\/i><\/a>\n\t\t\t<\/div>\n","protected":false},"featured_media":930,"template":"","meta":[],"product_brand":[],"product_cat":[47,68],"product_tag":[],"class_list":{"0":"post-928","1":"product","2":"type-product","3":"status-publish","4":"has-post-thumbnail","6":"product_cat-kelionems","7":"product_cat-stalo-zaidimai","9":"first","10":"instock","11":"taxable","12":"shipping-taxable","13":"purchasable","14":"product-type-simple"},"_links":{"self":[{"href":"https:\/\/elfuratas.lt\/index.php\/wp-json\/wp\/v2\/product\/928","targetHints":{"allow":["GET"]}}],"collection":[{"href":"https:\/\/elfuratas.lt\/index.php\/wp-json\/wp\/v2\/product"}],"about":[{"href":"https:\/\/elfuratas.lt\/index.php\/wp-json\/wp\/v2\/types\/product"}],"wp:featuredmedia":[{"embeddable":true,"href":"https:\/\/elfuratas.lt\/index.php\/wp-json\/wp\/v2\/media\/930"}],"wp:attachment":[{"href":"https:\/\/elfuratas.lt\/index.php\/wp-json\/wp\/v2\/media?parent=928"}],"wp:term":[{"taxonomy":"product_brand","embeddable":true,"href":"https:\/\/elfuratas.lt\/index.php\/wp-json\/wp\/v2\/product_brand?post=928"},{"taxonomy":"product_cat","embeddable":true,"href":"https:\/\/elfuratas.lt\/index.php\/wp-json\/wp\/v2\/product_cat?post=928"},{"taxonomy":"product_tag","embeddable":true,"href":"https:\/\/elfuratas.lt\/index.php\/wp-json\/wp\/v2\/product_tag?post=928"}],"curies":[{"name":"wp","href":"https:\/\/api.w.org\/{rel}","templated":true}]}}