{"id":761,"date":"2023-11-01T11:29:41","date_gmt":"2023-11-01T08:29:41","guid":{"rendered":"https:\/\/elfuratas.lt\/?post_type=product&#038;p=761"},"modified":"2023-11-01T11:29:42","modified_gmt":"2023-11-01T08:29:42","slug":"prilimpantis-besisukantis-apzvalgos-ratas","status":"publish","type":"product","link":"https:\/\/elfuratas.lt\/index.php\/product\/prilimpantis-besisukantis-apzvalgos-ratas\/","title":{"rendered":"Prilimpantis besisukantis ap\u017evalgos ratas"},"content":{"rendered":"<p>Besisukantis mal\u016bnas su galimybe prilipti prie stiklo ar kito pana\u0161aus pavir\u0161iaus. Spalvingas \u017eaislas primenantis ap\u017evalgos rat\u0105, skatins j\u016bs\u0173 ma\u017eyl\u012f \u017eaisti.<\/p>\n<p>Puikiai tinka kaip vonios \u017eaislas! Daro teigiam\u0105 poveik\u012f vaiko regos ir lyt\u0117jimo poj\u016b\u010di\u0173 vystymuisi. \u017daidimo metu vaikas gal\u0117s mokytis atskirti spalvas.<\/p>\n<p>Viduje esantis rutuliukai veikia kaip bar\u0161kutis.<\/p>\n<p>\u017daislo matmenys 17 cm x 11,5 cm.<\/p>\n","protected":false},"excerpt":{"rendered":"<p>Besisukantis mal\u016bnas su galimybe prilipti prie stiklo ar kito pana\u0161aus pavir\u0161iaus. Spalvingas \u017eaislas primenantis ap\u017evalgos rat\u0105, skatins j\u016bs\u0173 ma\u017eyl\u012f \u017eaisti. Puikiai tinka kaip vonios \u017eaislas! Daro teigiam\u0105 poveik\u012f vaiko regos ir lyt\u0117jimo poj\u016b\u010di\u0173 vystymuisi. \u017daidimo metu vaikas gal\u0117s mokytis atskirti spalvas. Viduje esantis rutuliukai veikia kaip bar\u0161kutis. \u017daislo matmenys 17 cm x 11,5 cm.<\/p>\n","protected":false},"featured_media":766,"template":"","meta":[],"product_brand":[],"product_cat":[32],"product_tag":[],"class_list":{"0":"post-761","1":"product","2":"type-product","3":"status-publish","4":"has-post-thumbnail","6":"product_cat-ivairus-zaislai","8":"first","9":"instock","10":"taxable","11":"shipping-taxable","12":"purchasable","13":"product-type-simple"},"_links":{"self":[{"href":"https:\/\/elfuratas.lt\/index.php\/wp-json\/wp\/v2\/product\/761","targetHints":{"allow":["GET"]}}],"collection":[{"href":"https:\/\/elfuratas.lt\/index.php\/wp-json\/wp\/v2\/product"}],"about":[{"href":"https:\/\/elfuratas.lt\/index.php\/wp-json\/wp\/v2\/types\/product"}],"wp:featuredmedia":[{"embeddable":true,"href":"https:\/\/elfuratas.lt\/index.php\/wp-json\/wp\/v2\/media\/766"}],"wp:attachment":[{"href":"https:\/\/elfuratas.lt\/index.php\/wp-json\/wp\/v2\/media?parent=761"}],"wp:term":[{"taxonomy":"product_brand","embeddable":true,"href":"https:\/\/elfuratas.lt\/index.php\/wp-json\/wp\/v2\/product_brand?post=761"},{"taxonomy":"product_cat","embeddable":true,"href":"https:\/\/elfuratas.lt\/index.php\/wp-json\/wp\/v2\/product_cat?post=761"},{"taxonomy":"product_tag","embeddable":true,"href":"https:\/\/elfuratas.lt\/index.php\/wp-json\/wp\/v2\/product_tag?post=761"}],"curies":[{"name":"wp","href":"https:\/\/api.w.org\/{rel}","templated":true}]}}