{"id":752,"date":"2023-10-31T22:23:27","date_gmt":"2023-10-31T19:23:27","guid":{"rendered":"https:\/\/elfuratas.lt\/?post_type=product&#038;p=752"},"modified":"2024-03-24T20:15:09","modified_gmt":"2024-03-24T17:15:09","slug":"bloku-piramide","status":"publish","type":"product","link":"https:\/\/elfuratas.lt\/index.php\/product\/bloku-piramide\/","title":{"rendered":"Blok\u0173 piramid\u0117"},"content":{"rendered":"<p>Kiekvienas i\u0161 blok\u0173 yra kitoks &#8211; du i\u0161 j\u0173 turi kamuoliukus, kurie juda, o lik\u0119 blokai turi \u012fvairias tekst\u016bras. D\u0117l \u012fvairi\u0173 spalv\u0173 ir fakt\u016br\u0173 \u017eaislas puikiai stimuliuos vaizdo ir lietimo poj\u016b\u010dius. \u017daisdami su \u0161ia piramide vaikas pl\u0117s savo pa\u017eintinius geb\u0117jimus ir i\u0161moks konstrukcini\u0173 problem\u0173 sprendim\u0105. Jis taip pat tobulins savo rank\u0173 jautrum\u0105 ir regos-judesio koordinacij\u0105.<\/p>\n<p>Blokus galima laisvai sud\u0117lioti \u012f bok\u0161t\u0105, ta\u010diau tai nerei\u0161kia, kad bok\u0161tas i\u0161laikys bet kok\u012f sukonstruot\u0105 derin\u012f! Vaiko u\u017eduotis yra sud\u0117lioti blokus taip, kad bok\u0161tas i\u0161vengt\u0173 kritimo &#8211; tai pareikalaus vaiko k\u016brybingumo ir tikslum, o stabilaus bok\u0161to suk\u016brimas suteiks vaikui daugyb\u0119 d\u017eiaugsmo!<\/p>\n<p>Kadangi kiekvienas blokas yra pakankamai didelis, rinkinys yra saugus \u017eaisti vaikams, vyresniems nei 18 m\u0117nesi\u0173. Unikalus \u017eaislo dizainas puikiai atrodys lentynoje kaip vaiko kambario puo\u0161mena.<\/p>\n<p>Pagrindin\u0117s \u017eaislo savyb\u0117s:<\/p>\n<ul>\n<li>Veikia regos ir lietimo poj\u016b\u010dius<\/li>\n<li>Maloni\u0173 akims spalv\u0173 pasirinkimas<\/li>\n<li>\u012evairi tekst\u016bra<\/li>\n<li>Judantys kamuoliukai<\/li>\n<li>\u012evairi\u0173 \u012fg\u016bd\u017ei\u0173 stimuliavimas<\/li>\n<li>Didelis blok\u0173 dydis<\/li>\n<\/ul>\n<p>Kiekvienas blokas pagamintas i\u0161 tvirto plastiko, tod\u0117l galite b\u016bti tikri, kad \u017eaidimas bus ilgas ir saugus. Bok\u0161tas su blokais bus puiki dovana smalsiam ir i\u0161\u0161\u016bki\u0173 nebijan\u010diam vaikui!<\/p>\n<p>Susideda apie 30 cm bok\u0161tas.<\/p>\n","protected":false},"excerpt":{"rendered":"<p>Kiekvienas i\u0161 blok\u0173 yra kitoks &#8211; du i\u0161 j\u0173 turi kamuoliukus, kurie juda, o lik\u0119 blokai turi \u012fvairias tekst\u016bras. D\u0117l \u012fvairi\u0173 spalv\u0173 ir fakt\u016br\u0173 \u017eaislas puikiai stimuliuos vaizdo ir lietimo poj\u016b\u010dius. \u017daisdami su \u0161ia piramide vaikas pl\u0117s savo pa\u017eintinius geb\u0117jimus ir i\u0161moks konstrukcini\u0173 problem\u0173 sprendim\u0105. Jis taip pat tobulins savo rank\u0173 jautrum\u0105 ir regos-judesio koordinacij\u0105.<\/p>\n<div class=\"more-link\">\n\t\t\t\t <a href=\"https:\/\/elfuratas.lt\/index.php\/product\/bloku-piramide\/\" class=\"link-btn\"><span>Skaityti toliau <\/span> <i class=\"icofont-thin-double-right\"><\/i><\/a>\n\t\t\t<\/div>\n","protected":false},"featured_media":754,"template":"","meta":[],"product_brand":[],"product_cat":[24],"product_tag":[],"class_list":{"0":"post-752","1":"product","2":"type-product","3":"status-publish","4":"has-post-thumbnail","6":"product_cat-deliones","8":"first","9":"instock","10":"taxable","11":"shipping-taxable","12":"purchasable","13":"product-type-simple"},"_links":{"self":[{"href":"https:\/\/elfuratas.lt\/index.php\/wp-json\/wp\/v2\/product\/752","targetHints":{"allow":["GET"]}}],"collection":[{"href":"https:\/\/elfuratas.lt\/index.php\/wp-json\/wp\/v2\/product"}],"about":[{"href":"https:\/\/elfuratas.lt\/index.php\/wp-json\/wp\/v2\/types\/product"}],"wp:featuredmedia":[{"embeddable":true,"href":"https:\/\/elfuratas.lt\/index.php\/wp-json\/wp\/v2\/media\/754"}],"wp:attachment":[{"href":"https:\/\/elfuratas.lt\/index.php\/wp-json\/wp\/v2\/media?parent=752"}],"wp:term":[{"taxonomy":"product_brand","embeddable":true,"href":"https:\/\/elfuratas.lt\/index.php\/wp-json\/wp\/v2\/product_brand?post=752"},{"taxonomy":"product_cat","embeddable":true,"href":"https:\/\/elfuratas.lt\/index.php\/wp-json\/wp\/v2\/product_cat?post=752"},{"taxonomy":"product_tag","embeddable":true,"href":"https:\/\/elfuratas.lt\/index.php\/wp-json\/wp\/v2\/product_tag?post=752"}],"curies":[{"name":"wp","href":"https:\/\/api.w.org\/{rel}","templated":true}]}}