{"id":745,"date":"2023-10-31T22:10:31","date_gmt":"2023-10-31T19:10:31","guid":{"rendered":"https:\/\/elfuratas.lt\/?post_type=product&#038;p=745"},"modified":"2024-03-24T20:15:22","modified_gmt":"2024-03-24T17:15:22","slug":"balansavimo-zaidimas-eziukas","status":"publish","type":"product","link":"https:\/\/elfuratas.lt\/index.php\/product\/balansavimo-zaidimas-eziukas\/","title":{"rendered":"Balansavimo \u017eaidimas \u201eE\u017eiukas\u201c"},"content":{"rendered":"<p>Vaisi\u0173 \u0161vent\u0117! \u0160is mielas e\u017eiukas u\u017etikrins j\u016bs\u0173 vaikui daugyb\u0119 smagi\u0173 akimirk\u0173, o taip pat i\u0161mokys daug verting\u0173 \u012fg\u016bd\u017ei\u0173!<\/p>\n<p>\u012evairios spalvos tikrai pritrauks vaiko d\u0117mes\u012f ir s\u0117kmingai \u012fkv\u0117ps \u017eaisti.<\/p>\n<p><strong>\u017daislas si\u016blo dvi \u017eaidimo galimybes:<\/strong><\/p>\n<ol>\n<li>Vaisi\u0173 nerimas ant si\u016blo.<\/li>\n<li>Vaisi\u0173 d\u0117jimas ant e\u017eiuko taip, kad vaisi\u0173 konstrukcija nekrist\u0173.<\/li>\n<\/ol>\n<p>Vaisi\u0173 nerimas ir d\u0117liojimas pareikalaus daug i\u0161tverm\u0117s ir koncentracijos. Elementus galima jungti bet kaip arba mesti kauliuk\u0105, kuris nurodys, kur\u012f vaisi\u0173 reikia naudoti toliau.<\/p>\n<p><strong>\u017daislas skatina vaiko visapusi\u0161k\u0105 vystym\u0105si:<\/strong><\/p>\n<ul>\n<li>Element\u0173 d\u0117jimas ir nerimas skatins rank\u0173 jautrum\u0105, motorik\u0105 ir regos bei judesi\u0173 koordinacij\u0105.<\/li>\n<li>Planuojant, kaip sud\u0117ti vaisius taip, kad visa konstrukcija nekrist\u0173, lavinsite vaiko vaizduot\u0119 ir login\u012f m\u0105stym\u0105, bus pl\u0117tojamas erdvinio vaizdo suvokimas.<\/li>\n<li>\u012evairios vaisi\u0173 spalvos pad\u0117s mokytis atpa\u017einti spalvas.<\/li>\n<\/ul>\n<p>Ar gali b\u016bti kas nors geriau nei \u017eaislas, kuris ne tik u\u017etikrins daug valand\u0173 nuostabaus \u017eaidimo, bet ir leis i\u0161mokti daug dalyk\u0173?<\/p>\n<p>Visi elementai pagaminti i\u0161 lygiai apdirbto med\u017eio.<\/p>\n<p>Rinkinio sud\u0117tis:<\/p>\n<ul>\n<li>E\u017eiukas<\/li>\n<li>Kauliukas<\/li>\n<li>12 vaisi\u0173 formos blok\u016b<\/li>\n<li>Si\u016blas<\/li>\n<\/ul>\n<p>Med\u017eiaga: <strong>medis<\/strong><\/p>\n<p>Vaiko am\u017eius: nuo 3 met\u0173<\/p>\n<p>Dyd\u017eiai:<\/p>\n<ul>\n<li>E\u017eiukas: 18 cm x 2 cm x 12 cm<\/li>\n<li>Kauliukas: 2,7 cm x 2,7 cm x 2,7 cm<\/li>\n<li>Pavyzdinis vaisius (kivis): 3,5 cm x 3 cm x 2 cm<\/li>\n<\/ul>\n","protected":false},"excerpt":{"rendered":"<p>Vaisi\u0173 \u0161vent\u0117! \u0160is mielas e\u017eiukas u\u017etikrins j\u016bs\u0173 vaikui daugyb\u0119 smagi\u0173 akimirk\u0173, o taip pat i\u0161mokys daug verting\u0173 \u012fg\u016bd\u017ei\u0173! \u012evairios spalvos tikrai pritrauks vaiko d\u0117mes\u012f ir s\u0117kmingai \u012fkv\u0117ps \u017eaisti. \u017daislas si\u016blo dvi \u017eaidimo galimybes: Vaisi\u0173 nerimas ant si\u016blo. Vaisi\u0173 d\u0117jimas ant e\u017eiuko taip, kad vaisi\u0173 konstrukcija nekrist\u0173. Vaisi\u0173 nerimas ir d\u0117liojimas pareikalaus daug i\u0161tverm\u0117s ir koncentracijos.<\/p>\n<div class=\"more-link\">\n\t\t\t\t <a href=\"https:\/\/elfuratas.lt\/index.php\/product\/balansavimo-zaidimas-eziukas\/\" class=\"link-btn\"><span>Skaityti toliau <\/span> <i class=\"icofont-thin-double-right\"><\/i><\/a>\n\t\t\t<\/div>\n","protected":false},"featured_media":748,"template":"","meta":[],"product_brand":[],"product_cat":[24,61],"product_tag":[],"class_list":{"0":"post-745","1":"product","2":"type-product","3":"status-publish","4":"has-post-thumbnail","6":"product_cat-deliones","7":"product_cat-rusiavimo-zaidimai","9":"first","10":"instock","11":"taxable","12":"shipping-taxable","13":"purchasable","14":"product-type-simple"},"_links":{"self":[{"href":"https:\/\/elfuratas.lt\/index.php\/wp-json\/wp\/v2\/product\/745","targetHints":{"allow":["GET"]}}],"collection":[{"href":"https:\/\/elfuratas.lt\/index.php\/wp-json\/wp\/v2\/product"}],"about":[{"href":"https:\/\/elfuratas.lt\/index.php\/wp-json\/wp\/v2\/types\/product"}],"wp:featuredmedia":[{"embeddable":true,"href":"https:\/\/elfuratas.lt\/index.php\/wp-json\/wp\/v2\/media\/748"}],"wp:attachment":[{"href":"https:\/\/elfuratas.lt\/index.php\/wp-json\/wp\/v2\/media?parent=745"}],"wp:term":[{"taxonomy":"product_brand","embeddable":true,"href":"https:\/\/elfuratas.lt\/index.php\/wp-json\/wp\/v2\/product_brand?post=745"},{"taxonomy":"product_cat","embeddable":true,"href":"https:\/\/elfuratas.lt\/index.php\/wp-json\/wp\/v2\/product_cat?post=745"},{"taxonomy":"product_tag","embeddable":true,"href":"https:\/\/elfuratas.lt\/index.php\/wp-json\/wp\/v2\/product_tag?post=745"}],"curies":[{"name":"wp","href":"https:\/\/api.w.org\/{rel}","templated":true}]}}