{"id":429,"date":"2023-08-24T20:56:18","date_gmt":"2023-08-24T17:56:18","guid":{"rendered":"https:\/\/elfuratas.lt\/?post_type=product&#038;p=429"},"modified":"2023-08-24T20:56:18","modified_gmt":"2023-08-24T17:56:18","slug":"medine-trupmenu-lentele-su-formomis","status":"publish","type":"product","link":"https:\/\/elfuratas.lt\/index.php\/product\/medine-trupmenu-lentele-su-formomis\/","title":{"rendered":"Medin\u0117 trupmen\u0173 lentel\u0117 su formomis"},"content":{"rendered":"<p>Pirm\u0105 kart\u0105 susid\u016brus su trupmenomis n\u0117ra lengva. Ne veltui to mokomasi gana ilgai ir atsakingai. Siekiant palengvinti \u0161ios informacijos \u012fsisavinim\u0105 yra \u012fvairiausi\u0173 priemoni\u0173 ir metod\u0173. Vienas j\u0173 &#8211; dalinti daiktus, formas. Medin\u0117 trupmen\u0173 lentel\u0117 pad\u0117s lengviau perprasti k\u0105 rei\u0161kia 1\/2 ar 1\/3 su 3 skirtingom formom.<\/p>\n<p>Mokymasis gali b\u016bti \u012fdomus!<\/p>\n<p>Lentel\u0117s dydis 15 x 15 cm.<\/p>\n","protected":false},"excerpt":{"rendered":"<p>Mokytis trupmenas nuobodu? Nesutinkame! Tai gali b\u016bti ir smagu!<\/p>\n","protected":false},"featured_media":431,"template":"","meta":[],"product_brand":[],"product_cat":[48],"product_tag":[],"class_list":{"0":"post-429","1":"product","2":"type-product","3":"status-publish","4":"has-post-thumbnail","6":"product_cat-mokymo-priemones","8":"first","9":"instock","10":"taxable","11":"shipping-taxable","12":"purchasable","13":"product-type-simple"},"_links":{"self":[{"href":"https:\/\/elfuratas.lt\/index.php\/wp-json\/wp\/v2\/product\/429","targetHints":{"allow":["GET"]}}],"collection":[{"href":"https:\/\/elfuratas.lt\/index.php\/wp-json\/wp\/v2\/product"}],"about":[{"href":"https:\/\/elfuratas.lt\/index.php\/wp-json\/wp\/v2\/types\/product"}],"wp:featuredmedia":[{"embeddable":true,"href":"https:\/\/elfuratas.lt\/index.php\/wp-json\/wp\/v2\/media\/431"}],"wp:attachment":[{"href":"https:\/\/elfuratas.lt\/index.php\/wp-json\/wp\/v2\/media?parent=429"}],"wp:term":[{"taxonomy":"product_brand","embeddable":true,"href":"https:\/\/elfuratas.lt\/index.php\/wp-json\/wp\/v2\/product_brand?post=429"},{"taxonomy":"product_cat","embeddable":true,"href":"https:\/\/elfuratas.lt\/index.php\/wp-json\/wp\/v2\/product_cat?post=429"},{"taxonomy":"product_tag","embeddable":true,"href":"https:\/\/elfuratas.lt\/index.php\/wp-json\/wp\/v2\/product_tag?post=429"}],"curies":[{"name":"wp","href":"https:\/\/api.w.org\/{rel}","templated":true}]}}