{"id":334,"date":"2023-07-25T18:56:01","date_gmt":"2023-07-25T15:56:01","guid":{"rendered":"https:\/\/elfuratas.lt\/?post_type=product&#038;p=334"},"modified":"2024-07-19T17:40:38","modified_gmt":"2024-07-19T14:40:38","slug":"nutrinamos-korteles-su-mediniu-rasikliu","status":"publish","type":"product","link":"https:\/\/elfuratas.lt\/index.php\/product\/nutrinamos-korteles-su-mediniu-rasikliu\/","title":{"rendered":"Nutrinamos kortel\u0117s su mediniu ra\u0161ikliu"},"content":{"rendered":"<p>Paprasti bloknotai jau pabodo? Norisi ka\u017eko \u012fdomesnio? Si\u016blome i\u0161m\u0117ginti nutrinamas korteles. Mediniu ra\u0161ikliu nutrynus juod\u0105 dal\u012f kuriamas spalvotas pie\u0161in\u0117lis.<\/p>\n<p>Tai laiko praleidimo priemon\u0117, leid\u017eianti nenuobod\u017eiauti keliaujant, laukiant eil\u0117je pas gydytoj\u0105, leid\u017eiant v\u0117sius vakarus namuose ar sodyboje. Leiskite k\u016brybi\u0161kumui lietis \u0161iame bloknot\u0117lyje.<\/p>\n<p>Kartu pridedamas medinis ra\u0161iklis &#8211; pagaliukas. Yra 10 lap\u0173, dydis 20&#215;14 cm<\/p>\n","protected":false},"excerpt":{"rendered":"<p>Juod\u0173 lap\u0173 bloknotas, kuriame reikia ne pie\u0161ti, o trinti!<\/p>\n","protected":false},"featured_media":335,"template":"","meta":[],"product_brand":[],"product_cat":[22],"product_tag":[],"class_list":{"0":"post-334","1":"product","2":"type-product","3":"status-publish","4":"has-post-thumbnail","6":"product_cat-dailei-piesimui","8":"first","9":"outofstock","10":"taxable","11":"shipping-taxable","12":"purchasable","13":"product-type-simple"},"_links":{"self":[{"href":"https:\/\/elfuratas.lt\/index.php\/wp-json\/wp\/v2\/product\/334","targetHints":{"allow":["GET"]}}],"collection":[{"href":"https:\/\/elfuratas.lt\/index.php\/wp-json\/wp\/v2\/product"}],"about":[{"href":"https:\/\/elfuratas.lt\/index.php\/wp-json\/wp\/v2\/types\/product"}],"wp:featuredmedia":[{"embeddable":true,"href":"https:\/\/elfuratas.lt\/index.php\/wp-json\/wp\/v2\/media\/335"}],"wp:attachment":[{"href":"https:\/\/elfuratas.lt\/index.php\/wp-json\/wp\/v2\/media?parent=334"}],"wp:term":[{"taxonomy":"product_brand","embeddable":true,"href":"https:\/\/elfuratas.lt\/index.php\/wp-json\/wp\/v2\/product_brand?post=334"},{"taxonomy":"product_cat","embeddable":true,"href":"https:\/\/elfuratas.lt\/index.php\/wp-json\/wp\/v2\/product_cat?post=334"},{"taxonomy":"product_tag","embeddable":true,"href":"https:\/\/elfuratas.lt\/index.php\/wp-json\/wp\/v2\/product_tag?post=334"}],"curies":[{"name":"wp","href":"https:\/\/api.w.org\/{rel}","templated":true}]}}