{"id":299,"date":"2023-07-25T16:13:28","date_gmt":"2023-07-25T13:13:28","guid":{"rendered":"https:\/\/elfuratas.lt\/?post_type=product&#038;p=299"},"modified":"2024-05-14T11:59:37","modified_gmt":"2024-05-14T08:59:37","slug":"mediniu-rutuliuku-delione","status":"publish","type":"product","link":"https:\/\/elfuratas.lt\/index.php\/product\/mediniu-rutuliuku-delione\/","title":{"rendered":"Medini\u0173 rutuliuk\u0173 d\u0117lion\u0117"},"content":{"rendered":"<p>Medin\u0117 d\u0117lion\u0117 su spalvotais rutuliukais ir specialiai d\u0117liojimui skirtu \u0161auk\u0161tu, pincetu ir pagaliukais.<\/p>\n<p>Tai priemon\u0117, skirta lavinti rank\u0173 \u012fg\u016bd\u017eius, miklum\u0105, aki\u0173 &#8211; rank\u0173 koordinacij\u0105 ir m\u0105stym\u0105. K\u0105 jau bekalb\u0117ti apie kantryb\u0119 ir susikaupim\u0105.<\/p>\n<p>Skirtingos spalvos skatina jas geriau pa\u017einti, d\u0117lioti fig\u016bras ar pie\u0161inius pagal spalvas, r\u016b\u0161iuoti.<\/p>\n","protected":false},"excerpt":{"rendered":"<p>Medinis \u017eaidimas su rutuliukais &#8211; priemon\u0117 kantrybei ir k\u016brybi\u0161kumui skatinti.<\/p>\n","protected":false},"featured_media":306,"template":"","meta":[],"product_brand":[],"product_cat":[24,25],"product_tag":[],"class_list":{"0":"post-299","1":"product","2":"type-product","3":"status-publish","4":"has-post-thumbnail","6":"product_cat-deliones","7":"product_cat-mediniai-zaislai","9":"first","10":"outofstock","11":"taxable","12":"shipping-taxable","13":"purchasable","14":"product-type-simple"},"_links":{"self":[{"href":"https:\/\/elfuratas.lt\/index.php\/wp-json\/wp\/v2\/product\/299","targetHints":{"allow":["GET"]}}],"collection":[{"href":"https:\/\/elfuratas.lt\/index.php\/wp-json\/wp\/v2\/product"}],"about":[{"href":"https:\/\/elfuratas.lt\/index.php\/wp-json\/wp\/v2\/types\/product"}],"wp:featuredmedia":[{"embeddable":true,"href":"https:\/\/elfuratas.lt\/index.php\/wp-json\/wp\/v2\/media\/306"}],"wp:attachment":[{"href":"https:\/\/elfuratas.lt\/index.php\/wp-json\/wp\/v2\/media?parent=299"}],"wp:term":[{"taxonomy":"product_brand","embeddable":true,"href":"https:\/\/elfuratas.lt\/index.php\/wp-json\/wp\/v2\/product_brand?post=299"},{"taxonomy":"product_cat","embeddable":true,"href":"https:\/\/elfuratas.lt\/index.php\/wp-json\/wp\/v2\/product_cat?post=299"},{"taxonomy":"product_tag","embeddable":true,"href":"https:\/\/elfuratas.lt\/index.php\/wp-json\/wp\/v2\/product_tag?post=299"}],"curies":[{"name":"wp","href":"https:\/\/api.w.org\/{rel}","templated":true}]}}